
-11
Let z(r) be the first derivative of -r**4/24 - r**3/6 - 7*r**2/2 + 4. Let a(u) be the second derivative of z(u). Determine a(1).
-2
Let f(g) = g**3 + 7*g**2 - g - 5. Let x be f(-7). Let s(n) = 326*n**2 + n**3 + 6*n - 322*n**x - 2*n**3. Let j = -10 - -15. Determine s(j).
5
Let x(w) = -3*w**2 - w**3 + 1 + 2*w**2 + 3*w + 6*w**2 + 2*w**3. Give x(-2).
7
Let n(k) = -8*k - 1. Let m(i) = -i - 4. Let q be m(-6). Calculate n(q).
-17
Suppose 0*d + d + 4 = 3*l, 12 = 5*l + d. Suppose 5*w - 5 = -5*t - 0, 4*t + l*w = 4. Let g(b) = 0 - b + t + 2*b**2 + b**3 - 7*b**2. Give g(5).
-4
Suppose 5 = -l + 5*p - p, 0 = -2*l - 2*p - 10. Let k = 7 + l. Let w(c) = 2 - 1 - 7*c**2 + 2*c + 9*c**k. Give w(-2).
5
Let r = 4 + 2. Suppose -6*o - r = -8*o. Let b(t) = 2*t - 2. Give b(o).
4
Suppose -3*t - 4*d - 13 - 7 = 0, 2*t + 3*d = -14. Let p be (-2 - t)*1*2. Let a(h) = 4*h - p*h - 1 - h. Calculate a(-5).
4
Let d(j) = -6. Let f(a) = -a - 17. Let x(i) = 8*d(i) - 3*f(i). Let y(o) = -o**2 - 18*o - 16. Let u be y(-17). Let t = u + -5. What is x(t)?
-9
Suppose 0 = -0*r + r - 2. Let g(s) = -s - 1 - 2*s**2 - 3*s**2 + 4*s**r. Suppose 0 = -5*o + 3*z + 2*z + 10, -40 = 5*o + 5*z. Give g(o).
-7
Let p(d) = -d**2 - 2*d. Let a(c) = -c**2 + 3*c - 3. Let l = -1 + 4. Let z be a(l). Determine p(z).
-3
Let z(q) = q**3 + 4*q**2 - 2*q - 1. Let a = 8 + -3. Let n = 1 - a. What is z(n)?
7
Let i be (-45)/(-27)*18/10. Let a(s) = s**2 - 2*s - 3. What is a(i)?
0
Let f(v) = -2*v - 5. Suppose 5*r = 2*g - 20, 4*r + 0*g + 3*g = -16. Calculate f(r).
3
Let z be (-4 - -3) + 2 - 7. Let m be 2/(-12)*2*-21. Let b(t) = -2*t + 1 - 1 - m. Calculate b(z).
5
Let s be 1 - -5 - 4/2. Let g = -8 + 11. Let t(p) = -3 + 3 + 5 - g*p. What is t(s)?
-7
Let w be 4 + 0 + -2 + 0/(-4). Let o(x) = -x**3 + 3*x**2 + 3*x - 2. What is o(w)?
8
Let o(r) = -5*r**2 + 4*r - 2. Suppose -6*p + p + f = -14, p - 22 = 5*f. Calculate o(p).
-14
Let p(x) = x**3 - x**2 - x - 7. Let k = 15 + -10. Let d = k + -3. Let h be (-4)/(-2) - (d + 0). Determine p(h).
-7
Let l(n) = -n**3 + 6*n**2 + 6*n + 8. Suppose 27 = 5*w - 8. Determine l(w).
1
Let g = -6 - -6. Let f be 3 - (-2 - g - -5). Let m(z) = z + 5. Give m(f).
5
Let r(y) = -3*y**3 - 1. Let d be 0 + 5/1 - -2. Suppose -5*s + 2*m = -d, -s + 3*m = 2*m - 2. Determine r(s).
-4
Let b(n) = -3*n - 3. Suppose -16*s = -13*s - 18. Suppose 0 = -2*u + s*u + 16. Calculate b(u).
9
Let i(j) = j**2 + 6*j + 4. Let x = -3 - -6. Let h be (-2)/(-6)*-4*x. Determine i(h).
-4
Let b(w) = -w. Let s be b(5). Let i(n) be the second derivative of n**3/3 + 5*n**2/2 - 15*n. Calculate i(s).
-5
Suppose 10 = 5*u, 5*n + 0*u - 12 = -u. Let b(l) = 1 - 5*l - 8*l**2 + 0*l**2 + 7*l**n - 2. Determine b(-5).
-1
Let d(r) = -2*r + 7. Let n(t) = -t - 1. Let l(a) = a**3 - 11*a**2 - 3*a + 3. Let o(f) = -l(f) + 2*n(f). Let z be o(11). Give d(z).
-5
Let t(p) = -4*p**3. Let d(h) = -5*h**3 + h**2 - h - 1. Let c(f) = -3*d(f) + 4*t(f). Calculate c(-3).
-6
Let g(m) = -m**3 - m**2 + m + 1. Let d(p) = p**3 - 4*p**2 + 4*p - 4. Let z be d(3). Let b be z - (4/2 + -1). Give g(b).
3
Let s(c) = -910*c**2 - 2 + 0*c - 2*c + 912*c**2. Let d be 22/6 + 4/(-6). What is s(d)?
10
Let y(c) = 2*c**2 + 4*c - c**3 + c**2 + 3*c - 6*c**2 + 6. Give y(-4).
-6
Let f(r) = r**2 - 3*r - 2. Let t(k) = k**2 + 10*k + 12. Suppose 2*h + 18 = -0*h. Let n be t(h). What is f(n)?
-2
Let n(v) = 5*v - 2 - 11*v + 5*v. Let b(l) be the first derivative of -l**2/2 - 7*l - 3. Let q be b(-7). Calculate n(q).
-2
Let t(l) = 1 - 6*l**2 - 2*l**3 + l**3 - 2 - l. Suppose 0 = -b - 2*b - 21. Let u(n) = n + 1. Let s be u(b). Determine t(s).
5
Suppose 6*r = 5*r - 2. Let j be r/(-9) + 64/36. Let a(y) = -2*y - 3 + y - 2 - 2*y**2 + 3*y**j. What is a(0)?
-5
Let r(i) = 2*i + 7. Let h(o) = 3*o + 11. Let d(j) = -5*h(j) + 8*r(j). Let m be -2*(-1 - 12/(-9))*3. Determine d(m).
-1
Let x(h) = h - 7*h + 6 + h**2 - 3. Let r be 2 + 1 - (-3)/3. Suppose 3*t + 6 = 0, -r*w = -w + t - 10. Determine x(w).
-5
Let j(r) be the first derivative of r**4/4 + r**3/3 - r**2 + r - 3. Determine j(2).
9
Let b(j) = -3*j - 65. Let v(g) = g + 22. Let r(n) = 6*b(n) + 17*v(n). Give r(-9).
-7
Suppose -11 = 3*m - 44. Let g = -6 + m. Let f(v) = -v + 1. Determine f(g).
-4
Let g(m) be the third derivative of -3*m**6/40 - m**5/30 - m**4/24 - m**2. Suppose -2*k - 2 + 5 = 3*a, -5*k - 15 = 0. Suppose -a - 1 = 4*j. What is g(j)?
8
Let r be ((-84)/49)/((-1)/(-7)). Let y be r/(-9)*(-3)/(-2). Let v(m) = m**3 + 0*m**3 - m**y + 2*m**3 - 5*m**3. Determine v(-1).
1
Suppose 4*u = 5*u + 4. Let g = 6 + u. Let y(w) = 3*w - 7. Let j(v) = 1. Let b(f) = -4*j(f) - y(f). Determine b(g).
-3
Suppose 2*z - 2 = -0*z. Let d(t) = 2*t + 2*t + 0*t - z. Give d(2).
7
Let s = 84 - 89. Let k(b) = b**3 + 4*b**2 - 2*b + 3. What is k(s)?
-12
Let p(j) = 1. Let g(i) = -i + 7. Let l be ((-1)/3 - -1)*9. Let v(d) = l*p(d) - g(d). Give v(5).
4
Let s(d) = -d**3 + 3*d**2 + 6*d - 4. Let h be s(4). Let c(j) = 4*j**3 + 6*j - 2*j - h*j. Give c(-1).
-4
Let b(t) = -2 + 0*t - 2*t**2 + 2*t**3 + 4*t - 2*t. Calculate b(2).
10
Let q(d) = 2*d**3 + 5*d**2 + 3*d - 17. Let n(f) = -f**3 - 2*f**2 - f + 8. Let r(w) = 5*n(w) + 2*q(w). Suppose 0 = 5*k + h + 3, h = 3*k - 3*h - 12. What is r(k)?
6
Suppose 0 = 4*n + c - 13, n - 12 = -4*c + 10. Suppose 3*v + 2*a = v, n*a = 3*v + 20. Let x(d) = -d**2 - 3*d - 3. What is x(v)?
-7
Let d(x) = -x**2 + 5*x + 6. Let o be d(6). Let y(f) = o - f - 1 + f**3 - 7*f**3 - f**2. Determine y(-1).
5
Suppose 0 = -2*s - v - 2, -s + 4*s - 4*v + 25 = 0. Let r(y) be the third derivative of -y**4/12 - y**3/6 - y**2. Give r(s).
5
Let s(o) = o**2 + 3*o + 2. Let t be s(-4). Suppose 0 = 5*q - t - 9. Suppose -5*u - 15 = -g - 2*g, g = -q*u + 5. Let z(v) = -v**2 + 5. Calculate z(u).
5
Let j(x) = -2*x**3 - 2*x**2 + x - 2. Suppose -5*r + 2*y - 19 = -7, -5*r - 4*y - 6 = 0. What is j(r)?
4
Let n(h) = -h**2 + 4*h - 3. Let t be (-6)/(-4)*(2 + 0) + -1. Give n(t).
1
Let c(f) = -12*f + 7. Let y(g) = g - 1. Let z(l) = c(l) + 5*y(l). Suppose 3*w = r - w + 14, 5*r - 5*w + 10 = 0. What is z(r)?
-12
Let n(h) = h**2 - 2*h + 5. Let p(v) = -v + 1. Let l(j) = n(j) - 3*p(j). Let a be 4/14 - (-12)/7. Determine l(a).
8
Suppose -5*h + 0*i + 40 = -4*i, 4*i = -5*h + 40. Let m(x) = x**2 + 2*x + 0*x - h*x - x - 3. Determine m(6).
-9
Let d(l) be the third derivative of 1/12*l**4 + 2*l**2 + 0*l - 1/120*l**5 + 0 + 1/240*l**6 + 0*l**3. Let h(a) be the second derivative of d(a). Determine h(-1).
-4
Let q(v) = 8*v - 9. Let x(a) = -a. Let z(r) = q(r) + 6*x(r). Suppose -14*k + 16*k = 12. Give z(k).
3
Suppose 2*m - m - 17 = -2*n, -5*n + 25 = 0. Let z(a) = -4 + 12*a**2 + 4 + m + a - 11*a**2. Suppose 0 = 2*h - 0*h. Determine z(h).
7
Let l(n) = -n - 2. Let y be 10/3*6/(-4). What is l(y)?
3
Let x(p) = p**3 - 20 - p**2 + 19 + 6*p**2 + 6*p + 2*p**2. Calculate x(-6).
-1
Let c(o) = -3*o + 1. Let a(x) = 4*x**2 - 2*x - 4 + 2*x + 3 - 2*x - x**3. Let f be a(2). Give c(f).
-8
Let u(w) = -w + 2. Let o = 7 + -7. Give u(o).
2
Let d(a) = -16*a**2 - 2*a - 1. Suppose -4*y + 9 = 1, -u = 2*y - 3. Determine d(u).
-15
Suppose -4*s = 5*u + 40, -u + 4 - 23 = 3*s. Let b(y) = y + 4. Let k be b(u). Let h(f) = -f**2 + 8 + 0 + 3*f**2 - f**2. Calculate h(k).
8
Let m be (-2)/(-24) + (-1)/(-4). Let y(n) be the first derivative of m*n**3 - n**2 - 3 - 3*n. What is y(4)?
5
Let n(r) = -r**3 + 5*r**2 + 7*r - 5. Let h be n(6). Let d be (h + 1)/1 + -8. Let z = d - -2. Let b(g) = g**3 + 5*g**2 + 4*g. Determine b(z).
0
Let t(g) = g + 1. Let b be t(3). Let q(n) = -n**3 + 7*n**2 - 5*n - b*n**2 + 4 + 4*n. Calculate q(3).
1
Let s(r) = -r**2 - r. Let c(t) = -t**3 - 4*t**2 - 3*t + 2. Let v be c(-4). Suppose 2*p + 3 = l + 11, -v = l - 4*p. Give s(l).
-2
Let g = -1 + 6. Suppose g*l = 13 + 17. Let i(m) = -20*m**2 + 21*m - 3. Let n(s) = -7*s**2 + 7*s - 1. Let o(b) = -6*i(b) + 17*n(b). Determine o(l).
-5
Suppose -2*h = -0 - 2. Let a(c) = -2*c + 6. Let r(n) = n - 7. Let v = -3 + -3. Let x(s) = v*a(s) - 5*r(s). Calculate x(h).
6
Let v(r) = -r**2 - 7*r + 4. Let z(n) = 2*n**2 + 13*n - 9. Let m(d) = -11*v(d) - 6*z(d). Determine m(0).
10
Let g = 8 + -4. Let i(m) = 5*m - 1 - 2 - 1 - g*m. What is i(4)?
0
Let b(v) be the first derivative of 1/3*v**3 + 4 - 7*v + 7/2*v**2. Determine b(-5).
-17
Suppose 0 = 5*y - y. Let w(u) be the second derivative of -2*u**2 + y + 2/3*u**3 + u. What is w(3)